 ten thousands digit of o?
1
What is the units digit of 6618/3 - (28 - 16)?
4
Suppose -a + 25251 = 5*n, 3*n + 5071 = 4*n - 5*a. What is the tens digit of n?
5
Suppose 42*l - 36882 = -2*z + 40*l, -z = 3*l - 18431. What is the ten thousands digit of z?
1
Let w = -657 + 660. Suppose -3*n - u + 4020 = 0, -w*n - 2*u + 3079 = -944. What is the units digit of n?
9
Let p(l) = -38126*l + 94. What is the thousands digit of p(-1)?
8
Suppose -4*y = 5*a - 28464, -y - 2*a = -838 - 6278. What is the hundreds digit of y?
1
Suppose 0 = 3*g + 21*h - 27*h - 23790, -5*g = h - 39573. What is the thousands digit of g?
7
Let u(c) = -c**3 - 3*c**2 - c - 7. Let o be u(-3). Let d = o - -1. What is the hundreds digit of 122/d*(5 - 8)?
1
Let r be 5*(-24)/(-30) + 6. Suppose -120 = d - 3*d. Suppose -r*p = -4*p - d. What is the units digit of p?
0
Let b(h) = 7*h - 5. Let n be b(-1). Let x be (60/9)/(n/(-54)). Suppose 0*q + x = 10*q. What is the units digit of q?
3
Suppose 8*f - 6*f = 2*r - 12534, 0 = -3*f - 9. What is the thousands digit of r?
6
Let w = 145 - 149. What is the tens digit of 235 - ((1 - 0) + w)?
3
Let t(y) = -6*y - 44. Let z be t(-18). Let b = z - 28. Let c = b + -23. What is the tens digit of c?
1
Let m = -146 - -156. What is the tens digit of -10 + 204/20 - (-5308)/m?
3
Suppose -22*o + 119 + 133 + 188 = 0. Let i be (-54)/(-7) + 2/7. What is the hundreds digit of i/o + (-39)/(-15)*41?
1
Suppose z = 4*m - 81, -z + 158 = -4*z - 5*m. Let i = z - -69. What is the tens digit of 712/44 - i/44?
1
Let r(v) = -v**3 + 17*v**2 - 18*v + 35. Let q be r(16). Let u(d) = -33*d + 3. Let a be u(-1). Suppose a = f + q. What is the tens digit of f?
3
Let a(o) = -247*o - 4959. What is the hundreds digit of a(-29)?
2
Let j(t) = -t**2 + 20*t + 136. Let k be j(35). Let h = k - -819. What is the hundreds digit of h?
4
Suppose 0 = 3*o - 3*x - 118479, -118486 = -3*o - 299*x + 295*x. What is the units digit of o?
4
Let s = 20359 - 9176. What is the units digit of s?
3
Suppose 28*z = 519503 + 1056813. What is the tens digit of z?
9
Let j = 12 - -2. Suppose 0 = v - u - j + 4, -5*v = 5*u - 50. Suppose -929 = -v*z + 651. What is the units digit of z?
8
Let v be 33348*(360/42)/10. Suppose v = -14*r + 32*r. What is the units digit of r?
8
Suppose 379950 = 78*n - 409753 + 24835. What is the tens digit of n?
0
Let n be ((-2)/4*-9)/((-3)/(-8)). What is the thousands digit of (-3)/(-2)*(722 + n)?
1
What is the ten thousands digit of 99914/4 - ((-628)/(-2355) + 23/(-30))?
2
What is the hundreds digit of 7070 - (40/(-25))/((-2)/10)?
0
What is the thousands digit of 66/30*(1347 + 80/10)?
2
Let n(u) be the first derivative of -u**4/4 + 8*u**3/3 + 3*u**2/2 + 2*u + 1. Let s be (-68)/(-816) + (-71)/(-12). What is the units digit of n(s)?
2
Suppose 3*o + 2*d - 201247 = 0, 44*o = 39*o - 4*d + 335407. What is the thousands digit of o?
7
Suppose 13*i - 48 = 5*i. Let r(s) = 34*s - 16. What is the tens digit of r(i)?
8
Let h be (3*4/24)/((-4)/8). Let r be (-21)/(-5) + h*1/5. Suppose -c - p - r*p = -134, 4*c + p = 460. What is the hundreds digit of c?
1
Let o(h) = h**3 - 8*h**2 + 6*h + 15. Let v be o(8). Let j = 2 + v. What is the tens digit of j?
6
Let i = -2940 + 7087. What is the units digit of i?
7
Suppose -3*o + 14 = 2*u, 3*u = 6*u + 4*o - 19. Let c(f) = -f**3 - 3*f**2 + 3*f - 5. Let b be c(-4). What is the units digit of u*(11/11 - 2*b)?
3
Suppose -4*d + 373 = -6*g + g, g = 4*d - 353. Suppose 0 = -l + 5, -d = -3*p + 7*p + 5*l. What is the tens digit of (1 + 146/3)*(p - -31)?
4
Suppose -6*j = -38 - 790. What is the hundreds digit of 0 + 1 + -6 + j?
1
Suppose 132*b + 8*b = 1517460. What is the hundreds digit of b?
8
Let v(o) = -o**3 - 4*o**2 - 4*o - 2. Let q be v(-4). Let h be (77 - 101)/(1*(-1)/2). Suppose 8*w - q*w = -h. What is the units digit of w?
8
Suppose -8*s - 9 = 71. Suppose 0 = -4*m - 464 + 72. Let t = s - m. What is the tens digit of t?
8
Suppose -3*v + 148173 = 3*r, -5*v + 88391 + 158552 = 3*r. What is the tens digit of v?
8
Let v(o) = 12*o**3 - 15*o**2 + 37*o - 600. What is the hundreds digit of v(12)?
4
Let z(x) = -431*x + 6. Let k(j) = j**2 + 24*j + 134. Let p be k(-9). What is the units digit of z(p)?
7
Let q(t) = 2*t**2 + 15*t - 3. Let x(j) = -2. Let a(r) = 1. Let u(c) = 3*a(c) + 2*x(c). Let z(d) = q(d) + 6*u(d). What is the tens digit of z(-11)?
6
Let t(q) = q**3 + 7*q**2 + 8*q - 3. Let k be t(-5). Let r = k + 6. Suppose -17*p + r = -16*p. What is the tens digit of p?
1
Suppose 3*j + 3*j = 42. Let b(s) = 44*s - 67. What is the units digit of b(j)?
1
What is the units digit of (-3 - -11 - 12) + 1 + 6881?
8
What is the tens digit of 196 + -199 + 974 + (1 + 1 - 3)?
7
Let t = 5560 + 634. What is the hundreds digit of t?
1
Suppose 47*x - 42*x - 70 = 0. What is the units digit of 6/10*631 + x/35?
9
Suppose 38*s - 12 = 36*s. Suppose -9*x + 10*x + s = 0. What is the units digit of 52 - -1 - 18/x?
6
Suppose 0 = -5*i + 5 - 0, 0 = l - 2*i - 337. Let s = l + -9. What is the tens digit of s?
3
Suppose 0 = 4*b + 4*t - 56, 3*b = -3*t + 2*t + 38. Let r(m) = 46*m - 89. What is the units digit of r(b)?
3
What is the units digit of (-14)/28*38090*-3?
5
Suppose 0 = -17*t - 1970 + 24019. Suppose -16*v + 2*f = -12*v - 2598, 3*f = 2*v - t. What is the units digit of v?
0
Let i(c) = 46*c**2 - c + 12. What is the hundreds digit of i(-16)?
8
Suppose 6*v - 4*v = -0*v. Suppose -2*c + v*c + 5*i = -560, 0 = 5*i. What is the tens digit of c?
8
Suppose -140 = -5*x + 200. Let h be 1280/(-48)*(-6)/(-5). Let g = x - h. What is the units digit of g?
0
Let x(v) = -1761*v**2 - 8*v - 7. Let m be x(-5). What is the tens digit of -1 - m/135 - (-4)/30?
2
Let v(h) be the third derivative of -h**4/4 - 34*h**3/3 - 187*h**2. What is the tens digit of v(-22)?
6
Suppose -14*v + 11*v + 10*v - 70994 = 0. What is the hundreds digit of v?
1
Suppose 14*j = 479 + 95. Suppose 6*x - j = 355. What is the tens digit of x?
6
Let l = -121 - -147. Suppose 1836 = 32*m - l*m. What is the tens digit of m?
0
What is the units digit of (-8 - 74)*(-7 - (-3537)/(-6)) - 8?
5
Let q be 21/15 - (-3)/5. Suppose -5*j - 1200 = -2*h, 0 = 30*h - 31*h - q*j + 591. What is the units digit of h?
5
Let y = -21252 + 30878. What is the units digit of y?
6
Let c(z) = 21*z**2 + 12*z - 50. Let m be c(4). Suppose m = a + 2*r, 5*a - 4*r + 568 = 2266. What is the hundreds digit of a?
3
Let r = 53 - 50. Suppose -4*o - 1 = r. What is the tens digit of (-8)/(((-5)/(-50))/o)?
8
Let r(b) = -b**2 - 11*b - 12. Let w(x) = -x**2 - 15*x - 10. Let f be w(-15). Let o be r(f). Let y = o - -67. What is the tens digit of y?
6
Let a = 21 + -49. Suppose 8*b - 109 + 66 + 835 = 0. Let j = a - b. What is the tens digit of j?
7
Let g = -11 - -14. Let m be 4 - 0 - (-10)/(g - 2). Let k = m - -23. What is the units digit of k?
7
Let j be (-60)/(-8)*((-16)/(-6) + -2). Suppose 0 = j*o - 4 - 1. What is the units digit of (0 - 105/(-10))*2/o?
1
Suppose -3*q - 40 = 2*n, -4*n + 6 = -q - n. Suppose 0 = -11*j + 34*j - 1265. What is the units digit of q/(-4) + (j - 0/(-4))?
8
Let u = -15101 + 58389. What is the units digit of u?
8
What is the hundreds digit of 235/(-8) - -29 - 968294/(-16)?
5
Let u = -120 - -181. Suppose -59*f + u*f = 738. What is the units digit of f?
9
Suppose -5*w = 3*s - 7624, 3*w + 3*s - 3085 = 1487. What is the thousands digit of w?
1
Suppose -2*c - 5*h - 6 = 0, 12 = c - 6*h + h. Suppose 3*f = -3*x + 903, -516 = -c*f - x + 82. What is the units digit of f?
7
Suppose -2*g + 69 = 3*l + g, -85 = -5*l + g. Let j = 20 - l. Let v(r) = 8*r**3 + 2*r**2 - 3*r. What is the units digit of v(j)?
6
Suppose -7*g + 2039 = -1223. Suppose -r = -2*i - 6*r + g, 0 = -2*r - 4. Suppose h + h = i. What is the hundreds digit of h?
1
Let w be ((-2)/(-6))/((-10)/(-60)). Suppose 9*p = 11*p - t - 1600, 0 = w*p + t - 1608. What is the tens digit of p?
0
Suppose 11 = 4*q + 3*d, 0 = -3*q - q + 5*d + 3. Let r be 4/24 + ((-470)/(-60) - 4). Suppose -396 = -q*m - r*m. What is the tens digit of m?
6
Let a(u) = 9*u**2 + 5*u + 3. Suppose 4*z - 5*b = 9, 5*b + 45 = -z - 4*z. Let m be a(z). What is the units digit of m - 8/6*3?
3
Let o(b) = -5903*b + 13. What is the units digit of o(-1)?
6
Let p = -15861 + 26483. What is the units digit of p?
2
Let x = -601 - -396. Let v = x + 248. What is the units digit of v?
3
Let r